 (-128)/(-7 - -3) + t?
3
Let u be (-125)/5*(-4)/10. Suppose -z + 6*z - u = 0. Suppose 2*n - 2 = z. What is the units digit of n?
2
Suppose 2*a - 16 = -3*x, 2*a - 4 = -x - 0*x. Suppose x*u - 4*f - 31 = 3*u, -3*u + 19 = -f. What is the units digit of u?
5
Let n(b) = b**2 + 3*b - 11. What is the units digit of n(-6)?
7
Let n = -23 - -33. What is the units digit of n?
0
Let w = 60 + -35. What is the units digit of w?
5
What is the tens digit of ((-390)/(-25))/((-4)/(-10))?
3
Let d = -332 + 511. What is the hundreds digit of d?
1
Let c = -39 - -76. Suppose 2*a + 2*a = -2*x + 6, -2*x = 2*a. Suppose 4*t = 4*r - 36, -2 = -a*r - 3*t + c. What is the units digit of r?
1
Suppose 0 = 5*g - 1366 + 216. What is the hundreds digit of g?
2
Suppose -5*d + 69 = -0*c - 3*c, -5*c = 15. What is the units digit of (d/(-8) - 0)*-2?
3
Let k be (-3)/6*2 - 15. Let r = 23 + k. What is the units digit of r?
7
Suppose -4*t - 6*u + 8 = -5*u, -2*u = -3*t + 6. Suppose 5*o - f - 28 = 2*f, 22 = 4*o - 2*f. Suppose -t*z - 6 = -o*z. What is the units digit of z?
2
Let y(v) = 2 + v + 2 - 2*v**2 - 6 + 3*v**2. Let f be y(-2). Suppose f = 3*w - 0*w - 36. What is the units digit of w?
2
What is the hundreds digit of (2/5)/(4/1490)?
1
Let h(r) = 2*r**3 - r**2 - 5*r + 5. What is the units digit of h(5)?
5
Suppose -4*v = -0*v - 32. Suppose -3*f - 30 = -3*c, 0*f + f - v = -c. What is the units digit of c?
9
Let l be (-6)/15 - 2/(-5). Suppose l*v + 55 = 5*v. What is the units digit of v?
1
Suppose 13*u = 17*u - 16. Suppose -5*p - 156 + 22 = -4*d, 0 = -d + u*p + 28. What is the units digit of d?
6
What is the hundreds digit of (-922)/(-5) + (-12)/30?
1
Let u = 18 + 202. What is the tens digit of u?
2
Let g = 71 - 2. What is the tens digit of g?
6
Let o(l) = l**3 + 11*l**2 + 8*l + 13. Let f be o(-10). Let c = -20 + f. What is the tens digit of c?
1
Suppose -3*y - 9 = p + 24, 2*p + 2*y + 74 = 0. Let w = 84 + p. Suppose -w = b - 4*b. What is the units digit of b?
5
Let g = -1 - 0. Let a be (g + 2)*7 - 2. Let t = a + -2. What is the units digit of t?
3
Suppose 4*c + 4*t - 4 = 0, 3*c - 3*t = 2*t + 19. Suppose 0*n = c*n. Suppose n = 2*p - 0*p - 18. What is the units digit of p?
9
Let b(o) = 3*o**2 - 3. What is the tens digit of b(3)?
2
Let q(c) = -c - 2. Let w be q(-7). Let k = -2 - -2. Suppose o - 5*o + 3*i = 5, 4*o - w*i + 11 = k. What is the units digit of o?
1
Suppose -4*r = -6 - 6. Suppose 3*m = -r, -2*i + 0*i = 2*m - 84. What is the units digit of i?
3
Suppose -145 = -5*a + 190. What is the tens digit of a?
6
Suppose 2*x - 6*x = 0. Suppose -7*d + 2*d = 10, x = -3*v + 3*d + 18. What is the units digit of v?
4
Let w(t) = t + 17. Let m be w(-12). Let o be 0 + (-1 + -15)/(-2). What is the units digit of (-1 - m)*o/(-6)?
8
Let g = 82 + -56. What is the units digit of g?
6
Suppose -22 = -4*o + 170. What is the tens digit of o?
4
Let x(h) = 7*h. What is the units digit of x(1)?
7
Let n(z) be the second derivative of -z**3/2 - 2*z**2 + z. What is the units digit of n(-3)?
5
What is the units digit of 9/12 - (-27)/12?
3
Suppose -5*v + 5 = -0*v - r, 2*r = 10. Suppose 4*z + 5*c - 34 = -13, -z + 12 = -c. Suppose -v*l = l - z. What is the units digit of l?
3
Let y(x) = 2*x**2 - 3*x**2 + 3*x - 1 + 2. Let c be y(3). Suppose c = -2*b + 15. What is the units digit of b?
7
Let g(p) = p + 20. Let o be g(0). Let a = o - 12. What is the units digit of a?
8
Let w(n) be the first derivative of 2*n**3 - 3*n**2/2 + 4. What is the tens digit of w(2)?
1
Let m(f) be the third derivative of f**5/30 + f**4/4 - f**3/3 - f**2. What is the tens digit of m(-5)?
1
Let g = -5 - -13. Suppose 2*j = 2*l + 6, 2 = 2*j - 5*l + g. What is the units digit of j?
7
Let j(y) = -y - 4. Let m be j(-6). Let h = m + -1. What is the units digit of h/(-1)*(-4 - 1)?
5
Let g = 61 - -5. Let v be g/(-4)*(-12)/18. What is the units digit of (-2)/v + 1503/99?
5
Suppose -224 = -z + 4*c, -5*c + 4*c = 4*z - 981. What is the tens digit of z?
4
Suppose -3*l - 5 = -g - 1, 2*g = 2*l - 4. What is the tens digit of g/(-25) - (-128)/10?
1
Suppose 3 = -4*m - 5. Let y be m*3/(-18)*-3. Let c = 2 + y. What is the units digit of c?
1
Let n(j) = j - 14. Let m be n(11). Let d(g) = -8*g + 1. Let l(v) = 9*v - 2. Let s(w) = m*d(w) - 2*l(w). What is the units digit of s(2)?
3
Suppose 3*f = f + 40. Suppose -f = -7*t + 3*t. Suppose 13 = t*d - 2. What is the units digit of d?
3
Let r = -27 + 88. What is the units digit of r?
1
Suppose 0 = -3*t - 14 + 92. Suppose n + t + 2 = 3*q, -2*q + 32 = -4*n. What is the units digit of q?
8
Let d = 437 + -104. What is the units digit of d?
3
Let k be 2 - (-3 - -2)*-2. Suppose 0 = -2*o - 8, 0 = 5*t - k*t + 4*o - 64. What is the units digit of t?
6
Let k = 306 - -4. What is the hundreds digit of k?
3
Let m(q) = q + 10. Let o be m(-8). Let x = o + 1. What is the units digit of x?
3
Let t(l) be the first derivative of 4*l - l**3 + 1/4*l**4 + l**2 - 2. What is the tens digit of t(3)?
1
Let v be -1*(-4)/(-4)*-55. Let y = 107 - v. What is the tens digit of y?
5
Let m(t) = -t**3 + t**2. Let c(d) = 4*d**3 + 2*d**2 - 4*d + 5. Let o(n) = -c(n) - 2*m(n). Let k be o(-4). Suppose k = 4*u - 9. What is the tens digit of u?
1
Suppose o + 30 = 3*o. Suppose t + 0*t = o. What is the tens digit of t?
1
Suppose -3*u - u - 8 = 4*n, 4*u + 12 = -2*n. Suppose -4*m - 14 = -5*d, 3*m - 2 + 1 = -n*d. Suppose -s = -d*s + 2. What is the units digit of s?
2
Let z = -4 + 8. Suppose 6 = -4*r + r + 3*c, 0 = -r - c + z. What is the units digit of r?
1
Let n = -2 + -9. Let g(o) = o**3 + 10*o**2 - 12*o + 3. Let h be g(n). What is the units digit of (-2)/4 + h/4?
3
Let a = 39 + -16. What is the units digit of a?
3
Let z be (0 + (-1)/2)*-4. Let n(x) = x**2 - x + 1. Let r be n(z). Suppose 9 = 4*q - r*q. What is the units digit of q?
9
Let j(b) = -b**3 - 20*b**2 + b + 27. What is the units digit of j(-20)?
7
Let q(r) be the first derivative of 1/2*r**2 + 1 - 7*r. What is the units digit of q(9)?
2
Suppose -6*x + 25 = -x. Suppose -l = -x*u - 2*l + 55, u - 11 = -4*l. Suppose -5*v + 2*b + 6 = -u, -b = -4*v + 16. What is the units digit of v?
5
Suppose -50 = -3*o + 37. Suppose -o - 13 = -3*r. What is the units digit of r?
4
Suppose -3*d - 101 - 73 = 0. Let m = -18 - d. Suppose -4*y = 3*f + y - 26, 0 = -5*f - 5*y + m. What is the units digit of f?
7
Let b = 10 + -10. Suppose -5*w + 120 = -b*w. What is the tens digit of w?
2
Suppose 0*h = h + 2*f - 2, -h + 2*f + 10 = 0. Let o(c) = 9*c - 11. Let m(g) = 3*g - 4. Let b(s) = -8*m(s) + 3*o(s). What is the tens digit of b(h)?
1
Let s = 10 - 8. Suppose -2*p = s*h - 10, -h - 7*p = -3*p - 14. What is the tens digit of (h + 8/14)*7?
1
Suppose 3 = 3*h, 5*i + h - 21 = -0*h. Let r be i/(-16) - (-170)/8. What is the units digit of r + (-2)/2 + -1?
9
Suppose -240 + 8 = -m. What is the tens digit of m?
3
Let l = 8 + -7. Suppose i + 3*v = -3, -i + 2*v + l = -6. What is the units digit of i?
3
Suppose 2*f - 3*n = 15, 5*f - n - 6 = -4*n. Suppose -20 = -d - f*d. What is the units digit of d?
5
Suppose -2*i - 2 = 0, 25 = -5*x + 2*i + 3*i. Let q(u) = u**2 + 4*u - 4. Let s be q(x). Suppose -4*w + s + 20 = 0. What is the units digit of w?
7
Let y be -3*3/(-9) + 3. Suppose -2 = -3*v + 4. Let r = v + y. What is the units digit of r?
6
Let v be -1*(-228)/(0 - -2). Suppose -5*x + v = 39. What is the units digit of x?
5
Let h(q) = 5*q**2 - 2*q - 2. Suppose 0 = -3*o - 1 - 5. What is the tens digit of h(o)?
2
Suppose 0 = -j + 3 - 1. Suppose -o + 0*n = -j*n - 4, 8 = 4*n. What is the units digit of o?
8
Let w be -3*1/((-3)/(-14)). Let q be 528/w + (-2)/7. Let l = -24 - q. What is the units digit of l?
4
What is the tens digit of (-702)/(-4) - 4/8?
7
What is the tens digit of (-38)/(-3)*36/24?
1
Let j(w) = 3*w - 9. Let l be 10/(-15) + (-46)/(-6). What is the units digit of j(l)?
2
Let d(b) = b**2 - 10*b + 11. Suppose 3*k + w = 29, -k - w + 13 = -0*w. Let i be d(k). Let m(h) = -h**2 - 6*h - 2. What is the units digit of m(i)?
3
Let c(m) = m**3 + 7*m**2 + 6*m - 8. What is the units digit of c(-4)?
6
Let k = -29 + 17. Suppose -53 = -3*f + u, f + 2*f - 57 = -3*u. Let i = k + f. What is the units digit of i?
6
Let m(o) be the second derivative of o**4/12 + 4*o**3/3 + 3*o**2/2 + o. What is the tens digit of m(-10)?
2
Suppose -2*r = -3*r + 38. What is the tens digit o